et z(d) = -10*d + 283. Let o(i) = -69*i - 458. Let l be o(-7). Let j be z(l). What is the greatest common factor of j and 12?
3
Suppose -4*y + 202276 = 3*w + 64497, w = -y + 45928. Calculate the greatest common factor of 183 and w.
183
Let f = 309 + -173. Suppose -3*j + 4*y = -0*y - 32, 5*j - 2*y = 44. Calculate the greatest common factor of j and f.
8
Let n(u) = 35*u - 9. Let b be n(1). Let a be b/(-52)*(2 - 80). What is the highest common factor of a and 26?
13
Let j(g) = 2*g**2 + 16*g - 26. Suppose 5*d = 61 + 19. Suppose d = 6*p + 94. Let h be j(p). What is the greatest common divisor of h and 13?
13
Suppose 136 = -5*a - w - 94, 3*w = 15. Let v = a + 109. Let x = v + -43. Calculate the highest common factor of x and 95.
19
Let p = -18616 + 20724. What is the greatest common factor of p and 1088?
68
Let t(b) = 2*b**2 + 3*b - 7. Let p be t(7). Suppose 5*s + 176 = 4*q, 108 = 5*q + 5*s - p. Calculate the greatest common divisor of q and 66.
22
Let a be 126/(-27)*(3/12)/(14/(-432)). What is the highest common factor of a and 1548?
36
Suppose -v + 386 = i, -101*i + 102*i - 4*v = 411. Let c(g) = -g**2 - 17*g + 26. Let q be c(-14). What is the highest common divisor of i and q?
17
Let y(v) = -v**3 + 9*v**2 - v + 51. Let s be y(-9). Calculate the highest common divisor of 66 and s.
66
Suppose 97*h + 15*h = 156128. Calculate the highest common divisor of 34 and h.
34
Suppose -2*y - 3 = 5, 16 = -2*h - 5*y. Suppose 0 = t + t - h*p - 410, t - 185 = 5*p. Calculate the highest common divisor of t and 10.
10
Let q(a) = 735*a - 660. Let z be q(5). Calculate the greatest common divisor of z and 90.
45
Suppose -4*w - q - 1 = -51, -q + 8 = w. Let d = 1 + -2. Let h = d + 15. What is the highest common factor of w and h?
14
Let h(p) = -p**3 + 12*p**2 + p - 6. Let i be h(5). Let f = 265 - 207. Calculate the highest common divisor of i and f.
58
Let s(u) = -14*u + 166*u**2 + 167 + 38 - 167*u**2. Let o be s(-20). What is the highest common divisor of 255 and o?
85
Let c be -2 + 7 + 5 + 8 + -15. What is the greatest common factor of 1689 and c?
3
Let z(m) = m**3 - 8*m**2 + 3*m - 12. Let r = 24 + -16. Let t be z(r). Let p be 76/(-120)*-6 - (-3)/15. What is the highest common divisor of t and p?
4
Suppose 0 = 5*u + 25. Let k(x) = x**3 + 6*x**2 - 3. Let y be k(-6). Let j be (y + u)*2/(-4). What is the greatest common factor of j and 8?
4
Suppose -346*j = -377*j + 283898. What is the highest common factor of 38 and j?
38
Suppose 0*i + 2*i = -3*x + 62, -i = -3*x - 49. Let z = 40 - i. Suppose z*s = 3*k - 126, 5*k - s = -0*s + 222. Calculate the highest common divisor of 15 and k.
15
Let g = -1305 + 3655. Calculate the greatest common factor of 150 and g.
50
Let c = -2650 - -2652. Let u(i) be the first derivative of -i**4/4 + 2*i**3 - 3*i**2/2 + i - 1. Let s be u(c). What is the greatest common factor of s and 22?
11
Let l = 20843 - 20831. What is the greatest common divisor of 1388 and l?
4
Let k(n) = -16*n**2 - 13*n - 5. Let j be k(-5). Let i be 3 + 2 + -8 + (7 - j). Calculate the greatest common divisor of 8 and i.
8
Suppose -25*g - y = -28*g + 900, 0 = 4*y + 12. Calculate the greatest common factor of g and 46.
23
Let r(z) = -439*z - 677. Let i be r(-11). What is the greatest common factor of i and 24?
24
Let y = 21345 + -21289. What is the highest common divisor of y and 1246?
14
Suppose -27 = u + 4*t, -t - 32 = 3*u - 28. Let h = -56 - -93. What is the highest common factor of u and h?
1
Let x be (-10)/(-25) - 4*36/(-40). Suppose -40*w = -220 + 60. Calculate the highest common divisor of w and x.
4
Let o be (2/3)/(2/120). Suppose -6*g + 5*g + o = 0. Let t be (-5)/(-35) + -33*15/(-63). Calculate the greatest common divisor of t and g.
8
Let u(p) = 267*p + 893. Let s be u(-3). What is the greatest common factor of s and 4876?
92
Let o = 549 - 546. Let v be 2/(-8) - (4041/(-12))/o. Let m be ((-3)/(-2))/(6/64). What is the greatest common factor of m and v?
16
Suppose 240 = 602*v - 578*v. Calculate the highest common factor of v and 905.
5
Let x = -57 - -97. Let m = 42 - x. Calculate the greatest common divisor of m and 5.
1
Let j = -761 + 971. Suppose 3*r = -4*q + 129, 6*r + 21 = q + 3*r. Calculate the highest common divisor of q and j.
30
Let k be (-2667)/(-254)*(3*-6)/(-1). What is the highest common factor of 621 and k?
27
Let p = 13 + -6. Let y be (-80270)/(-1610) + (-6)/7. What is the greatest common factor of y and p?
7
Suppose -4*q = -4*q + 140*q - 480200. What is the greatest common factor of 280 and q?
70
Suppose -33*a = -2819 - 1438. Calculate the greatest common factor of 7138 and a.
43
Suppose 0 = 2*d + 3*f - 7532, -d - f + 1916 = -1848. Calculate the greatest common divisor of d and 120.
40
Let p(b) = -1961 + b - 1956 + 3913 + 53*b**2. Let y be p(4). What is the greatest common divisor of y and 16?
16
Suppose -3*i = c - 41, 0 = -5*c - i - 0*i + 191. Suppose 5*z + 2*v - 938 = 0, -55*v = -2*z - 50*v + 410. What is the highest common factor of z and c?
38
Suppose -974 + 218 = 3*k. Let o be 1/((-1)/55*35/k). What is the highest common factor of 44 and o?
44
Let d(c) = -2 + 4*c**2 - 10 + c**2 + 0*c - 2*c. Suppose 2*o - 59 + 47 = 0. Let q be d(o). What is the highest common factor of 12 and q?
12
Let t(b) = -8*b**3 - 2*b**2 + b - 2. Let x be t(-2). Suppose 0 = -2*j + 83*j - 14742. What is the greatest common factor of x and j?
26
Suppose 7*t + 4 = 18. Let d be (5 - t)*(-65)/(-15). Calculate the greatest common factor of d and 130.
13
Suppose 59 = 3*x + a - 6, -3*x + 75 = 3*a. Calculate the greatest common divisor of x and 3080.
20
Suppose 3*b + 5*a = 5084, -4*a + 3386 = -514*b + 516*b. What is the greatest common factor of 130 and b?
13
Let r = 31 - -112. Let b = 10626 - 10615. Calculate the highest common factor of r and b.
11
Suppose 261 = -8*b - 179. Let c = b - -208. What is the greatest common factor of c and 17?
17
Suppose -22*g + 96 = -20*g. Suppose -41*o = -g*o + 280. Calculate the greatest common factor of 8 and o.
8
Suppose 3*a = 2*a + 17. Let z(u) = -u**3 + 18*u**2 - 13*u - 23. Let r be z(a). Let g be 15/(-4)*(-56)/21. What is the highest common divisor of g and r?
5
Let j = -6292 + 10440. Calculate the highest common divisor of 610 and j.
122
Let m be (-30)/6*-18*1/(-5). Let l = 30 + m. Suppose -39 = -l*x + 9*x. What is the highest common factor of x and 26?
13
Suppose 3*n - 24*s - 10061 = -20*s, 0 = 4*s - 4. What is the highest common factor of n and 275?
55
Let l(q) = -37*q - 241. Let a be l(-7). Let t(z) = 3*z. Let d(n) = -n - 2. Let x be d(-6). Let r be t(x). Calculate the highest common divisor of r and a.
6
Let t(b) = -3*b + 32. Let k be t(10). Let z be 9/(27/42) + 1. Suppose -k*p = z - 29. What is the greatest common factor of 49 and p?
7
Let l = 3503 - 3489. What is the greatest common divisor of l and 124?
2
Let x = -318 + 320. Suppose 3*v = 5*n + 263, -x*v + 3*n = -150 - 27. Calculate the highest common divisor of 336 and v.
48
Suppose -45*a + 41*a = -4*d - 208, 0 = -3*a + 2*d + 158. What is the highest common factor of 72 and a?
18
Suppose 2*f - 3470 = -5*k - 1003, 3735 = 3*f - 4*k. What is the highest common divisor of f and 292?
73
Let j(y) = -12*y + 110. Let x be j(6). Let f(d) = 15*d + 200. Let u be f(x). Calculate the greatest common factor of 35 and u.
35
Let i(x) be the first derivative of x**3/3 - 2*x**2 + 13*x + 71. Let q be i(5). Calculate the greatest common divisor of 126 and q.
18
Let r be 45/(-30)*(-2)/15 - 3948/(-60). Calculate the highest common divisor of 3069 and r.
33
Suppose 4*b + 1290 - 4886 = 0. Let p = -739 + b. What is the greatest common divisor of p and 32?
32
Suppose u - 18 = -5*v + 2*v, 2*v + 5*u = 25. Suppose -5*h + 2155 = -0*l + v*l, 2*l = -4*h + 870. Calculate the highest common divisor of 61 and l.
61
Let m = 1932 - 2874. Let z = -326 - m. What is the greatest common factor of 56 and z?
56
Suppose -2*z + o = -87, 3*o + 130 = 3*z + o. What is the highest common divisor of z and 187?
11
Let v be -1*(2 + 0 + 0)*(-37 + -38). What is the highest common factor of v and 1550?
50
Suppose o - 67 = -o - s, o + 5*s - 47 = 0. Suppose -12*x + 50 = -11*x. Let t = x - o. Calculate the highest common factor of 2 and t.
2
Let r(n) = -3*n**3 + 49*n**2 - 50*n + 302. Let a be r(14). What is the greatest common factor of 6 an